125 (base 14) in base 15?
104
Convert -3 (base 6) to base 8.
-3
What is -2 (base 14) in base 6?
-2
Convert 1e (base 15) to base 9.
32
Convert -1a (base 12) to base 2.
-10110
30 (base 12) to base 11
33
Convert 3 (base 16) to base 13.
3
Convert -71 (base 14) to base 4.
-1203
Convert -123 (base 5) to base 14.
-2a
Convert 116 (base 12) to base 4.
2202
-2 (base 5) to base 8
-2
Convert 11 (base 11) to base 9.
13
Convert -2 (base 7) to base 10.
-2
-105 (base 8) to base 10
-69
-7 (base 11) to base 4
-13
Convert 108 (base 9) to base 16.
59
Convert -10011 (base 2) to base 15.
-14
20b (base 12) to base 14
175
Convert 2 (base 11) to base 16.
2
What is 2 (base 3) in base 16?
2
-13 (base 16) to base 10
-19
ca (base 15) to base 11
163
Convert 3 (base 4) to base 13.
3
What is 2 (base 12) in base 14?
2
-326 (base 8) to base 14
-114
-17 (base 8) to base 3
-120
-13 (base 12) to base 4
-33
-3 (base 14) to base 4
-3
Convert 12 (base 4) to base 15.
6
Convert 3 (base 14) to base 13.
3
2 (base 6) to base 16
2
Convert -2 (base 13) to base 10.
-2
-2113 (base 4) to base 11
-128
What is 5 (base 15) in base 13?
5
1 (base 4) to base 14
1
Convert -345 (base 7) to base 10.
-180
-a (base 13) to base 5
-20
What is -120 (base 3) in base 2?
-1111
11 (base 9) to base 12
a
Convert -2232 (base 4) to base 16.
-ae
What is -23 (base 7) in base 12?
-15
Convert -11 (base 5) to base 16.
-6
Convert -22 (base 16) to base 5.
-114
What is 52 (base 8) in base 10?
42
What is 2001 (base 3) in base 4?
313
What is 131 (base 6) in base 12?
47
What is 56 (base 13) in base 16?
47
Convert -3 (base 5) to base 6.
-3
Convert 38 (base 13) to base 8.
57
Convert 3 (base 13) to base 14.
3
11 (base 13) to base 2
1110
1 (base 10) to base 7
1
Convert -123 (base 6) to base 13.
-3c
Convert 1 (base 13) to base 14.
1
7 (base 12) to base 11
7
What is -8 (base 13) in base 14?
-8
What is -100112 (base 3) in base 16?
-101
Convert -1 (base 14) to base 2.
-1
-1 (base 6) to base 16
-1
What is -1 (base 12) in base 9?
-1
What is 122 (base 3) in base 2?
10001
Convert -4 (base 16) to base 11.
-4
What is -92 (base 11) in base 8?
-145
15 (base 6) to base 8
13
Convert -13 (base 7) to base 11.
-a
-2 (base 7) to base 9
-2
100 (base 3) to base 4
21
1 (base 4) to base 2
1
1110 (base 2) to base 16
e
What is -11 (base 12) in base 13?
-10
What is -1010 (base 2) in base 13?
-a
What is -1223 (base 4) in base 11?
-98
2 (base 6) to base 8
2
What is -20 (base 13) in base 16?
-1a
323 (base 5) to base 10
88
Convert 3 (base 4) to base 9.
3
-65 (base 15) to base 10
-95
What is -13 (base 7) in base 2?
-1010
What is cd (base 15) in base 4?
3001
What is 0 (base 4) in base 14?
0
Convert -2 (base 4) to base 15.
-2
Convert -1 (base 12) to base 2.
-1
-11 (base 6) to base 5
-12
What is -4 (base 13) in base 12?
-4
305 (base 7) to base 16
98
22 (base 9) to base 3
202
Convert 1 (base 10) to base 4.
1
1000000 (base 2) to base 5
224
-10010000 (base 2) to base 13
-b1
What is -1010110 (base 2) in base 5?
-321
What is 14 (base 14) in base 12?
16
What is 0 (base 3) in base 10?
0
-200 (base 3) to base 13
-15
Convert 25 (base 16) to base 11.
34
Convert 43 (base 12) to base 8.
63
-1b (base 14) to base 3
-221
Convert 424 (base 5) to base 6.
310
-76 (base 9) to base 10
-69
What is 0 (base 12) in base 4?
0
229 (base 10) to base 5
1404
Convert -174 (base 8) to base 14.
-8c
What is 0 (base 7) in base 12?
0
-45 (base 8) to base 9
-41
What is 11010101 (base 2) in base 13?
135
What is -5 (base 11) in base 9?
-5
What is 2 (base 7) in base 2?
10
What is -4 (base 8) in base 14?
-4
7 (base 14) to base 2
111
What is 20222 (base 3) in base 5?
1223
11111 (base 2) to base 6
51
Convert -234 (base 6) to base 13.
-73
Convert 2001 (base 4) to base 5.
1004
Convert 14 (base 6) to base 3.
101
What is 4b (base 16) in base 5?
300
Convert 7 (base 16) to base 3.
21
What is d (base 14) in base 15?
d
-195 (base 10) to base 16
-c3
What is -2 (base 5) in base 6?
-2
What is 13 (base 6) in base 14?
9
What is 3 (base 4) in base 2?
11
What is -2b (base 16) in base 12?
-37
Convert -2 (base 9) to base 12.
-2
Convert -110 (base 7) to base 2.
-111000
3 (base 13) to base 16
3
7 (base 13) to base 4
13
-221 (base 9) to base 11
-155
Convert -3 (base 10) to base 5.
-3
Convert 3 (base 8) to base 12.
3
What is 10 (base 8) in base 11?
8
100 (base 2) to base 8
4
-124 (base 7) to base 11
-61
-1220 (base 5) to base 14
-d3
Convert -3 (base 16) to base 3.
-10
-163 (base 11) to base 6
-514
Convert -107 (base 9) to base 12.
-74
What is 10122 (base 3) in base 7?
200
Convert 23 (base 13) to base 7.
41
Convert -213 (base 5) to base 7.
-112
What is 53 (base 6) in base 2?
100001
What is 2 (base 3) in base 16?
2
101 (base 3) to base 7
13
8c (base 14) to base 13
97
Convert 10001000 (base 2) to base 5.
1021
1a (base 13) to base 11
21
What is a6 (base 11) in base 13?
8c
Convert 1 (base 7) to base 10.
1
-24 (base 8) to base 10
-20
Convert -37 (base 8) to base 12.
-27
6 (base 12) to base 13
6
14 (base 10) to base 5
24
e (base 16) to base 11
13
1 (base 12) to base 6
1
Convert -10 (base 11) to base 4.
-23
2a (base 15) to base 9
44
-20 (base 3) to base 4
-12
Convert 35 (base 6) to base 8.
27
-3 (base 4) to base 9
-3
-30 (base 13) to base 7
-54
24 (base 6) to base 14
12
What is 35 (base 6) in base 8?
27
Convert -8 (base 16) to base 13.
-8
Convert -1012 (base 3) to base 9.
-35
-3 (base 15) to base 4
-3
-110 (base 2) to base 16
-6
What is 4 (base 9) in base 3?
11
Convert -17 (base 12) to base 9.
-21
Convert 12 (base 5) to base 13.
7
-10b (base 15) to base 2
-11101100
-5 (base 6) to base 10
-5
What is -1010 (base 2) in base 10?
-10
What is -426 (base 7) in base 9?
-260
What is -10 (base 3) in base 4?
-3
Convert -11 (base 14) to base 11.
-14
Convert -3 (base 4) to base 15.
-3
Convert -37 (base 8) to base 7.
-43
What is -2 (base 12) in base 7?
-2
What is 8 (base 14) in base 5?
13
What is c (base 13) in base 15?
c
What is 2 (base 13) in base 9?
2
Convert -3 (base 7) to base 14.
-3
-324 (base 7) to base 6
-433
What is 131 (base 4) in base 2?
11101
What is -2 (base 10) in base 16?
-2
What is 0 (base 15) in base 11?
0
69 (base 10) to base 4
1011
What is a0 (base 14) in base 13?
aa
What is -6 (base 10) in base 13?
-6
-1 (base 16) to base 2
-1
What is -3 (base 13) in base 15?
-3
What is -6 (base 10) in base 5?
-11
-1 (base 16) to base 14
-1
Convert 14 (base 13) to base 14.
13
Convert -131 (base 4) to base 16.
-1d
16 (base 15) to base 8
25
Convert 2 (base 3) to base 16.
2
Convert 20 (base 13) to base 11.
24
What is -5 (base 14) in base 13?
-5
Convert 5 (base 11) to base 3.
12
-3 (base 5) to base 10
-3
Convert -1 (base 6) to base 12.
-1
Convert -3 (base 10) to base 4.
-3
13 (base 6) to base 3
100
-5 (base 6) to base 12
-5
What is 2 (base 15) in base 12?
2
What is 123 (base 11) in base 16?
92
What is -14 (base 7) in base 13?
-b
Convert -35 (base 6) to base 12.
-1b
Convert -1 (base 13) to base 10.
-1
What is 3 (base 6) in base 12?
3
20 (base 3) to base 16
6
Convert 7c (base 13) to base 5.
403
-120 (base 5) to base 16
-23
-10 (base 10) to base 14
-a
Convert 46 (base 9) to base 12.
36
45 (base 16) to base 10
69
-5 (base 12) to base 11
-5
-1020 (base 4) to base 2
-1001000
-1 (base 7) to base 16
-1
Convert -19 (base 13) to base 12.
-1a
Convert -202 (base 9) to base 7.
-323
Convert -4 (base 13) to base 5.
-4
Convert 3 (base 13) to base 6.
3
Convert a (base 16) to base 15.
a
Convert 15 (base 16) to base 15.
16
Convert 152 (base 11) to base 4.
2302
What is 82 (base 16) in base 15?
8a
210 (base 8) to base 2
10001000
What is 7 (base 14) in base 16?
7
0 (base 15) to base 2
0
What is 27 (base 8) in base 12?
1b
What is -16a (base 12) in base 4?
-3202
What is -212 (base 7) in base 15?
-72
Convert 40 (base 5) to base 7.
26
0 (base 2) to base 8
0
Convert 1211 (base 4) to base 5.
401
Convert 2 (base 16) to base 15.
2
-4 (base 9) to base 7
-4
Convert 85 (base 10) to base 3.
10011
Convert -3 (base 10) to base 5.
-3
20 (base 7) to base 10
14
Convert 0 (base 6) to base 7.
0
What is 12a (base 15) in base 7?
526
Convert 1c (base 14) to base 6.
42
What is -4d (base 16) in base 12?
-65
Convert 1011 (base 2) to base 14.
b
What is -103 (base 11) in base 13?
-97
Convert -32 (base 7) to base 9.
-25
Convert -2 (base 13) to base 4.
-2
What is -5a (base 12) in base 16?
-